9
List the prime factors of 60920.
2, 5, 1523
List the prime factors of 2236.
2, 13, 43
List the prime factors of 1408.
2, 11
List the prime factors of 12663.
3, 7, 67
List the prime factors of 2713.
2713
List the prime factors of 24266.
2, 11, 1103
List the prime factors of 12973.
12973
What are the prime factors of 172?
2, 43
What are the prime factors of 1973?
1973
What are the prime factors of 15976?
2, 1997
What are the prime factors of 38918?
2, 11, 29, 61
What are the prime factors of 57904?
2, 7, 11, 47
List the prime factors of 79035.
3, 5, 11, 479
What are the prime factors of 783?
3, 29
List the prime factors of 2950.
2, 5, 59
What are the prime factors of 700?
2, 5, 7
List the prime factors of 44854.
2, 41, 547
What are the prime factors of 1176?
2, 3, 7
What are the prime factors of 8725?
5, 349
What are the prime factors of 4656?
2, 3, 97
List the prime factors of 4878.
2, 3, 271
List the prime factors of 145615.
5, 29123
What are the prime factors of 15555?
3, 5, 17, 61
List the prime factors of 59505.
3, 5, 3967
What are the prime factors of 17936?
2, 19, 59
List the prime factors of 112791.
3, 7, 41, 131
List the prime factors of 51404.
2, 71, 181
List the prime factors of 353.
353
List the prime factors of 15329.
15329
List the prime factors of 1734.
2, 3, 17
List the prime factors of 1797.
3, 599
What are the prime factors of 388?
2, 97
List the prime factors of 13549.
17, 797
List the prime factors of 186.
2, 3, 31
List the prime factors of 1129.
1129
What are the prime factors of 18542?
2, 73, 127
List the prime factors of 479.
479
What are the prime factors of 20426?
2, 7, 1459
What are the prime factors of 16565?
5, 3313
List the prime factors of 13685.
5, 7, 17, 23
What are the prime factors of 641?
641
List the prime factors of 11914.
2, 7, 23, 37
What are the prime factors of 1095?
3, 5, 73
List the prime factors of 3407.
3407
List the prime factors of 802.
2, 401
What are the prime factors of 15199?
15199
List the prime factors of 1709.
1709
What are the prime factors of 429?
3, 11, 13
List the prime factors of 7714.
2, 7, 19, 29
List the prime factors of 17332.
2, 7, 619
List the prime factors of 6412.
2, 7, 229
List the prime factors of 40517.
31, 1307
List the prime factors of 13027.
7, 1861
What are the prime factors of 353?
353
What are the prime factors of 2706?
2, 3, 11, 41
What are the prime factors of 9446?
2, 4723
List the prime factors of 34122.
2, 3, 11, 47
What are the prime factors of 108628?
2, 13, 2089
List the prime factors of 7375.
5, 59
List the prime factors of 21399.
3, 7, 1019
What are the prime factors of 4411?
11, 401
List the prime factors of 356.
2, 89
What are the prime factors of 1753?
1753
What are the prime factors of 69532?
2, 17383
List the prime factors of 25835.
5, 5167
List the prime factors of 726.
2, 3, 11
What are the prime factors of 10004?
2, 41, 61
What are the prime factors of 143222?
2, 19, 3769
What are the prime factors of 50260?
2, 5, 7, 359
What are the prime factors of 3842?
2, 17, 113
What are the prime factors of 83813?
83813
What are the prime factors of 2128?
2, 7, 19
What are the prime factors of 26048?
2, 11, 37
List the prime factors of 30268.
2, 7, 23, 47
List the prime factors of 1114.
2, 557
What are the prime factors of 4040?
2, 5, 101
List the prime factors of 41812.
2, 10453
What are the prime factors of 15936?
2, 3, 83
What are the prime factors of 11387?
59, 193
List the prime factors of 180.
2, 3, 5
What are the prime factors of 66375?
3, 5, 59
What are the prime factors of 23219?
7, 31, 107
What are the prime factors of 16099?
17, 947
List the prime factors of 958.
2, 479
What are the prime factors of 1935?
3, 5, 43
List the prime factors of 3652.
2, 11, 83
List the prime factors of 1032.
2, 3, 43
What are the prime factors of 9455?
5, 31, 61
What are the prime factors of 4288?
2, 67
What are the prime factors of 5820?
2, 3, 5, 97
What are the prime factors of 102777?
3, 34259
What are the prime factors of 290?
2, 5, 29
List the prime factors of 1175.
5, 47
What are the prime factors of 13714?
2, 6857
List the prime factors of 2881.
43, 67
List the prime factors of 1150.
2, 5, 23
What are the prime factors of 1655?
5, 331
What are the prime factors of 67279?
19, 3541
List the prime factors of 59152.
2, 3697
List the prime factors of 1671.
3, 557
What are the prime factors of 9192?
2, 3, 383
What are the prime factors of 101475?
3, 5, 11, 41
What are the prime factors of 1004?
2, 251
List the prime factors of 4965.
3, 5, 331
List the prime factors of 26448.
2, 3, 19, 29
List the prime factors of 5560.
2, 5, 139
What are the prime factors of 3133?
13, 241
List the prime factors of 79999.
79999
What are the prime factors of 82918?
2, 11, 3769
List the prime factors of 1031.
1031
List the prime factors of 1844.
2, 461
List the prime factors of 1478.
2, 739
List the prime factors of 19394.
2, 9697
List the prime factors of 1039.
1039
List the prime factors of 38478.
2, 3, 11, 53
What are the prime factors of 135392?
2, 4231
List the prime factors of 389.
389
List the prime factors of 38057.
19, 2003
List the prime factors of 490.
2, 5, 7
What are the prime factors of 23355?
3, 5, 173
List the prime factors of 7154.
2, 7, 73
List the prime factors of 85118.
2, 11, 53, 73
List the prime factors of 26281.
41, 641
What are the prime factors of 238?
2, 7, 17
What are the prime factors of 6048?
2, 3, 7
What are the prime factors of 2693?
2693
What are the prime factors of 1060?
2, 5, 53
What are the prime factors of 8366?
2, 47, 89
List the prime factors of 22031.
22031
List the prime factors of 22837.
41, 557
What are the prime factors of 1595?
5, 11, 29
List the prime factors of 38656.
2, 151
What are the prime factors of 4452?
2, 3, 7, 53
List the prime factors of 2331.
3, 7, 37
What are the prime factors of 192?
2, 3
List the prime factors of 168851.
168851
What are the prime factors of 47059?
47059
What are the prime factors of 1263?
3, 421
List the prime factors of 15912.
2, 3, 13, 17
What are the prime factors of 462?
2, 3, 7, 11
List the prime factors of 29468.
2, 53, 139
What are the prime factors of 319?
11, 29
List the prime factors of 74047.
74047
What are the prime factors of 4015?
5, 11, 73
List the prime factors of 35367.
3, 11789
List the prime factors of 945.
3, 5, 7
List the prime factors of 382.
2, 191
List the prime factors of 11336.
2, 13, 109
What are the prime factors of 5009?
5009
What are the prime factors of 1123?
1123
What are the prime factors of 14997?
3, 4999
List the prime factors of 15435.
3, 5, 7
What are the prime factors of 1586?
2, 13, 61
What are the prime factors of 1840?
2, 5, 23
What are the prime factors of 6911?
6911
What are the prime factors of 7866?
2, 3, 19, 23
List the prime factors of 11923.
11923
List the prime factors of 4722.
2, 3, 787
List the prime factors of 47765.
5, 41, 233
List the prime factors of 12315.
3, 5, 821
List the prime factors of 248.
2, 31
List the prime factors of 16709.
7, 11, 31
List the prime factors of 20563.
20563
List the prime factors of 965.
5, 193
List the prime factors of 1157.
13, 89
List the prime factors of 129926.
2, 167, 389
What are the prime factors of 153708?
2, 3, 12809
List the prime factors of 4207.
7, 601
List the prime factors of 2744.
2, 7
List the prime factors of 2609.
2609
List the prime factors of 6401.
37, 173
What are the prime factors of 22771?
7, 3253
What are the prime factors of 6477?
3, 17, 127
What are the prime factors of 6526?
2, 13, 251
What are the prime factors of 29971?
17, 41, 43
What are the prime factors of 2324?
2, 7, 83
What are the prime factors of 30955?
5, 41, 151
List the prime factors of 995.
5, 199
List the prime factors of 14333.
11, 1303
List the prime factors of 3807.
3, 47
List the prime factors of 159949.
59, 2711
What are the prime factors of 5217?
3, 37, 47
List the prime factors of 32350.
2, 5, 647
What are the prime factors of 6107?
31, 197
List the prime factors of 54256.
2, 3391
What are the prime factors of 50131?
50131
What are the prime factors of 48636?
2, 3, 7, 193
List the prime factors of 1466.
2, 733
What are the prime factors of 3272?
2, 409
What are the prime factors of 919?
919
List the prime factors of 29336.
2, 19,